est common divisor of n and w.
10
Suppose 6*u - 267 = -111. What is the greatest common divisor of u and 78?
26
Let n(z) = 3*z - 1. Let o = 8 + -4. Let h be n(o). Suppose 46*f - 3306 = 1248. What is the greatest common divisor of h and f?
11
Suppose 5*i + 51 = 131. Let o = i + -9. Let r be (-167)/(-3) + (-22)/(-66). Calculate the greatest common divisor of r and o.
7
Let l be (333/27 + -10)/((-2)/(-6)). Let x be (1*49)/(-3 - -4). Calculate the greatest common divisor of x and l.
7
Suppose -12*v + 10*v = -n - 955, 3*v - n - 1431 = 0. Calculate the highest common factor of v and 102.
34
Let q(x) = x**3 - 7*x**2 - 31*x + 149. Let k be q(9). Calculate the greatest common factor of k and 24.
8
Suppose -3*a = -3*i, 0 = -2*a + 7*a. Suppose i = -2*y - 2*b + 354, -4*b + 357 = 2*y + b. What is the highest common divisor of y and 22?
22
Let s be ((-20)/30)/((-4)/870). Calculate the greatest common factor of s and 5.
5
Let q be (-1738)/(-14) + 5/(-35). Suppose 14*a = -53 + 487. What is the greatest common divisor of a and q?
31
Let a(w) = 12*w + 3. Let b be a(1). What is the highest common divisor of b and 1?
1
Let f(r) = -r**2 - 2*r + 117. Let a be f(7). Calculate the highest common divisor of 378 and a.
54
Let f(z) = -z**2 + 35*z + 16. Let o be f(35). What is the greatest common factor of o and 184?
8
Let v(g) = -g**2 - 10*g**3 + 0*g**2 + 13 + g + 11*g**3. Let x be v(0). What is the greatest common factor of x and 13?
13
Let i = -5 + 15. Let v(l) = 8*l**2 - 2. Suppose 4*k - 8 = -0. Let x be v(k). Calculate the greatest common factor of i and x.
10
Suppose 3*q = -3*q + 24. Let h be q + 1 + (19 - 20). Calculate the greatest common factor of 52 and h.
4
Let c(a) = -a**3 - 3*a**2 + 6*a + 10. Let l be c(-5). Suppose 80 = 5*b - 4*v, -2*b = b - v - 55. What is the greatest common divisor of l and b?
10
Let n(h) = h**3 - 10*h**2 - 9*h - 16. Let j be n(11). Let d(s) = s**3 - 6*s**2 - 4*s + 26. Let w be d(j). Calculate the greatest common divisor of w and 4.
2
Let l(h) = -h**2 + 15*h - 9. Suppose -45 = -3*f - 9. Let i be l(f). Calculate the highest common factor of i and 216.
27
Suppose 0*m + 4 = 4*m. Let l(y) be the third derivative of -y**4/12 - y**3/6 - 3*y**2. Let o be l(-1). Calculate the highest common divisor of m and o.
1
Let q be (0 + 0)/(2 + -4). Suppose q = 4*t - 4*s - 8, -2*t + 0*s - 8 = s. Let u be (-12 - (2 - t))*-20. What is the highest common factor of u and 40?
40
Let v(a) = a + 4. Let i be v(-3). Let q be (-2 - (-3 + 0))*i. Let b be (q - 3) + 32 + 0. Calculate the highest common factor of b and 10.
10
Let y = 277 + 236. Let q be y/45 + 6/10. What is the highest common divisor of 60 and q?
12
Suppose 3*o = -z - 10, 10 = 3*z - o - 0*o. Suppose 3*g = -z*g. Suppose g = t + t - 108. Calculate the greatest common factor of 18 and t.
18
Let i(a) = 2*a**2 + 2*a + 2. Let l be i(4). Let n(g) = g + 37. Let y be n(-15). Suppose -12 = -y*q + 20*q. What is the greatest common divisor of l and q?
6
Suppose -4*g + 13 - 5 = 0. Suppose 5*x = g*x + 312. Suppose 5*o = -5*p + 45, -p - 3*o + 17 = -4*o. What is the highest common factor of p and x?
13
Suppose 39 = 5*m - 41. Let l be ((360/75)/((-9)/330))/(5 + -6). Calculate the highest common divisor of m and l.
16
Let u be 1 + (2 - (-3 - -2)). Suppose -2*n + 7 + 109 = 0. Let v = 86 - n. What is the highest common factor of u and v?
4
Suppose 4*b - 6*b + 72 = 0. Suppose 5*i - b = 29. Calculate the highest common divisor of 26 and i.
13
Suppose -44 = -2*w + 2*y, 5*w + y = 2*y + 102. Let u(x) = -22*x + 11*x + 2 + 4. Let z be u(-4). Calculate the greatest common factor of z and w.
10
Let v be 162/14 + (9 - 536/56). What is the greatest common divisor of v and 99?
11
Let a(d) = 6*d - 6. Let o be a(1). Suppose 4*q - 2*q = 4*k + 40, o = -3*q + k + 70. Suppose -4 = -5*r + 36. Calculate the greatest common divisor of r and q.
8
Let y(l) = l**2 + 3*l + 1. Let v be y(-2). Let m = 373 + -371. Let x = m - v. Calculate the highest common divisor of x and 6.
3
Suppose -4*c - 120 = 2*s, 0*c + c = 2*s + 140. Let g = s - -97. What is the greatest common factor of g and 29?
29
Let c(d) = 2*d**3 + d**2 + 4*d + 5. Let o be c(-2). Let r = o - -15. Suppose r = -2*z + 213 - 13. What is the greatest common factor of z and 40?
20
Let s be 7 + (60/5 - -1255). What is the greatest common divisor of s and 39?
13
Let s = -65 + 114. What is the greatest common factor of 49 and s?
49
Suppose -3*x + 5 = 5*v - 29, 14 = 3*x + v. Calculate the greatest common factor of x and 1.
1
Let x be (25/(-10))/(5/(-350)). Calculate the highest common divisor of 25 and x.
25
Let b = -92 + 119. What is the greatest common factor of 27 and b?
27
Let p = 5 - 2. Suppose 48 = x + p*x. Suppose g = 3*c + 81, -187 = -2*g + 2*c - c. What is the greatest common divisor of g and x?
12
Let d(a) = -4*a - 22. Let p be d(-7). Calculate the highest common factor of 24 and p.
6
Suppose -4*f = -0 + 12. Let x = f - -7. Calculate the greatest common factor of x and 2.
2
Let h be (228/(2 + 1))/(15/15). Calculate the highest common divisor of h and 32.
4
Suppose -3*r + 4*f + 544 = 3*f, -4*r + 2*f + 728 = 0. What is the greatest common factor of r and 10?
10
Let k be 177/7 + (-2)/7. Let q(y) = -24*y + 33. Let g be (1 - 0) + 27/(-1 - 2). Let v be q(g). What is the highest common factor of k and v?
25
Suppose 3*l - 68 = 1222. Let h = -235 + l. Calculate the highest common factor of 78 and h.
39
Suppose 0 = -5*u + 14*u - 477. Let d be 14*(-3)/(-4)*-2. Let j = d + u. What is the highest common factor of j and 16?
16
Suppose b + 3*c + 9 = 55, 0 = c - 3. Let s = 38 - b. Calculate the greatest common divisor of 5 and s.
1
Suppose -42*y + 8080 = 59*y. Calculate the greatest common factor of 380 and y.
20
Let x(r) = 6*r**2 - 4*r**2 + 6*r**2 + r**2 - 10 + 6*r - r**3. Let n be x(7). What is the highest common divisor of n and 52?
26
Suppose 308*i = 301*i + 168. Let r = -8 - -68. What is the highest common factor of i and r?
12
Let u(c) = 5*c**3 - c**2 + c - 1. Let x be u(1). Suppose 0 = -2*d + x + 14. Calculate the greatest common factor of d and 27.
9
Suppose 2*m = -2*j - 2*j + 42, 0 = -3*m + 15. Let f be (12/j)/((-3)/(-6)). Suppose -f*z = -70 + 16. Calculate the highest common divisor of 12 and z.
6
Suppose -752*j = -748*j - 648. Let v(n) = -5*n - 7. Let d be v(-5). What is the greatest common factor of j and d?
18
Suppose 0 = 70*u - 69*u - 180. Calculate the highest common divisor of 36 and u.
36
Let k = -156 + 254. Calculate the highest common divisor of 70 and k.
14
Let f(h) = h**2 + 64*h - 126. Let l be f(-66). Calculate the greatest common divisor of 192 and l.
6
Suppose -3*q - 3*a + 2 = -4, 3*q = -4*a + 6. Suppose -q*p + 60 + 68 = 0. What is the greatest common factor of p and 64?
64
Let y = 1458 - 1427. What is the greatest common factor of y and 961?
31
Let s(r) = 5*r**2 + 5*r. Let n be s(-5). Suppose 5*x + 4 = 9. Let w = 19 + x. What is the highest common divisor of n and w?
20
Suppose 21 = -3*y + 5*y + v, 39 = 3*y + 4*v. What is the highest common divisor of 3096 and y?
9
Suppose 12 - 16 = u + 3*r, 0 = -3*u + 5*r + 58. What is the highest common factor of 11 and u?
11
Suppose -4*q - w + 708 = -6*w, 5*q + w = 914. Let l = 5 + 23. Calculate the greatest common factor of q and l.
14
Let j be (1176/(-44))/(-7) + (-4)/(-22). What is the highest common divisor of j and 188?
4
Suppose -3*u + 0*u + 9 = 4*x, -2 = x + 5*u. Let j be -2 + (x*6)/3. Suppose 0 = -j*o + 44 + 84. What is the highest common divisor of o and 80?
16
Let c(a) = -28*a + 118. Let n be c(4). What is the greatest common divisor of n and 582?
6
Suppose -10*n - 49*n + 5369 = 0. What is the highest common factor of n and 130?
13
Suppose 5*d - g = g - 629, -g - 638 = 5*d. Let n = 145 + d. Calculate the greatest common divisor of n and 12.
6
Let d be (3 - (-2 - -8)) + 4. Let g(k) = 44*k**2 - 7*k + 8. Let v be g(d). Calculate the highest common factor of 18 and v.
9
Suppose 288 = -339*j + 347*j. What is the greatest common divisor of j and 672?
12
Let c = 51 - 43. What is the greatest common divisor of 56 and c?
8
Let w(a) = 9*a**2 + 3*a + 7. Let z(u) = 4*u**2 + u + 3. Let v(o) = -3*w(o) + 7*z(o). Let h be v(-9). What is the greatest common divisor of 11 and h?
11
Suppose -2*c = -26 - 44. Let w(z) = z**3 + 13*z**2 + 13*z - 19. 